 = -5*l. What is the remainder when 27 is divided by l?
12
Suppose 4*s = -5*n + 247, -98 + 39 = -n + 4*s. What is the remainder when (4/3)/(3/72) is divided by 1/(1*3/n)?
15
What is the remainder when -5 + 1 - 96/(-4) is divided by 6?
2
Let z(b) = b**2 + b + 4. Let o be z(7). Suppose -3*d + o = -15. Suppose -3*k + 10 = -5*p - d, -k = 5*p - 45. What is the remainder when k is divided by 7?
6
Let q(w) = 23*w + 1. Let u be q(1). Suppose -4*r + u = -2*r. Let l(s) = 5*s**3 - 2*s**2 + 2*s - 1. What is the remainder when l(2) is divided by r?
11
Suppose -27 - 5 = -4*b. Calculate the remainder when 28 is divided by b.
4
Let p = 18 - 18. Suppose p = -4*g + 62 + 70. What is the remainder when 97 is divided by g?
31
Let u(z) = z. Let j = -50 - -72. Calculate the remainder when j is divided by u(12).
10
Calculate the remainder when 13 is divided by 3/(-15) + 123/15.
5
Calculate the remainder when 7/3*33/11 is divided by 4.
3
Let p = -11 + 7. Let g(k) = -k**3 - 5*k**2 - 7*k - 5. Let c be g(p). Let n = c - -11. Calculate the remainder when 34 is divided by n.
16
Suppose 2*f = -5*x + 2 + 12, f - 4*x - 7 = 0. Calculate the remainder when 18 is divided by f.
4
Let n(z) = -z**3 - 2*z**2 + 2*z + 4. Let k(b) = -10*b**3 - b**2 + 1. What is the remainder when n(-4) is divided by k(-1)?
8
Let i(r) = -r**3 + 7*r**2 - 8*r + 7. Let g = -3 - -8. What is the remainder when 49 is divided by i(g)?
15
Let u = -247 - -415. Calculate the remainder when u is divided by 17.
15
Let p = 74 + -6. Calculate the remainder when p is divided by 23.
22
Let t = 8 + 6. Let z(g) = 2*g**2 - 8*g - 25. Calculate the remainder when z(8) is divided by t.
11
Let d(v) = -v - 4. Let o be d(-6). Let t = o + 2. Let w(i) = i**3 - 6*i**2 + 7. What is the remainder when w(6) is divided by t?
3
Suppose 0 = a + 2*l + 5, a - 2*a - l - 1 = 0. Calculate the remainder when 26 is divided by a.
2
Suppose 5*b - 19 + 4 = 0. What is the remainder when 8 is divided by b?
2
What is the remainder when 32 is divided by ((-22)/3)/2*-3?
10
Let u(h) = h**2 - 7*h - 9. Let v be u(8). Let a = v - -25. Suppose a = -4*k + 84. Calculate the remainder when 28 is divided by k.
13
Suppose -l + 2 = -3*l, -l + 23 = -4*u. What is the remainder when 45 is divided by (-69)/u + (-2)/(-4)?
9
Suppose 6 = 3*w - 4*h - 6, 4*h + 4 = 2*w. Let u(o) = -12 - o**3 + 5*o**2 + 7*o**2 + 11*o - 5*o**2. What is the remainder when 34 is divided by u(w)?
10
Suppose -2*l = l - 12. Let v(r) = 2*r**2 + 3*r - 5. What is the remainder when v(l) is divided by 2/(-8) - (-171)/12?
11
Let s(i) = -i**3 + 4*i**2 + 7*i - 2. Suppose -8*v + 9*v - 5 = 0. Let a be s(v). Let n = a - -3. Calculate the remainder when n is divided by 6.
5
Let w(p) = -p - 6. Let y be w(-6). Calculate the remainder when 14 is divided by (0 + 5 + y)*1.
4
Suppose 0 = 4*n - 12, -4*f + 0*n + 101 = 3*n. Calculate the remainder when f is divided by 19.
4
Let s = -44 + 78. Calculate the remainder when 8 is divided by 4/(-10) - s/(-10).
2
Suppose k + 2*k = 57. Calculate the remainder when -2 + 216/(7 + -3) + 3 is divided by k.
17
Let c = 44 - 16. What is the remainder when 82 is divided by c?
26
Let j = 13 - 19. Calculate the remainder when 17 is divided by j/(-4) - (-75)/10.
8
Let g(b) = b**3 - 5*b**2 + 5*b + 1. Suppose 15 - 5 = 5*w - 5*h, -9 = -4*w + 3*h. Suppose 8 = w*a + a. Calculate the remainder when g(4) is divided by a.
1
Suppose 0*m - 4 = m, -3*m - 8 = n. Let l = 1 + -1. Suppose l*k - k + 7 = 0. Calculate the remainder when k is divided by n.
3
Calculate the remainder when 1720/25 - -1*(-1)/(-5) is divided by 24.
21
Suppose 18*v - 117 = 5*v. What is the remainder when 51 is divided by v?
6
Let v(f) = -f**2 + 14*f + 6. Let k be v(10). Calculate the remainder when -2*(1 - k/4) is divided by 12.
9
Let g = -270 + 476. Calculate the remainder when g is divided by 9.
8
Let q = -27 + 36. Calculate the remainder when 17 is divided by q.
8
Let a = 42 + -29. Calculate the remainder when 25 is divided by a.
12
Let v = 14 + 4. Calculate the remainder when 71 is divided by v.
17
Let n be 1*4/(-8)*2. Calculate the remainder when 32 is divided by (n - (-5 + 3))*17.
15
Let m(z) = -z**3 - 5*z**2 + 5*z + 5. Let o(j) = j**2 - 4*j - 2. What is the remainder when o(-5) is divided by m(-6)?
10
Suppose -2*n + 48 = 2*a, 3*n - 2*n = 4*a + 49. What is the remainder when n is divided by 18/1 + (-4 - -1)?
14
What is the remainder when 126 is divided by 5 - (-5)/10*54?
30
Let u be 31 + -6 + 3 + 0. Suppose 4 = 2*k - u. What is the remainder when 47 is divided by k?
15
Let m = -3 - -8. Suppose 3*i = -0*i - 39. Let z = 1 - i. Calculate the remainder when z is divided by m.
4
Let t(u) = 6*u - 4. Let b be t(-3). Let l be (-8)/12 - b/6. Suppose l*w = 2*x - 0*x, 4*x - 2 = 5*w. Calculate the remainder when 5 is divided by w.
1
Let b(y) = -2*y**2 + 2*y - 2. Let d be b(4). Calculate the remainder when 49 is divided by (0 + d/(-2))*1.
10
Suppose -8*r + 2 = -6. Let q be -1*(0/2 + 1). Let p = r - q. Calculate the remainder when 7 is divided by p.
1
Let y be ((-9)/(-12))/(1/(-4)). Let s(k) = -k**3 + 8*k**2 - 11*k + 7. Let n be s(7). Let t = y - n. What is the remainder when t is divided by 10?
8
Let p = -21 + 28. What is the remainder when 27 is divided by p?
6
What is the remainder when (-2)/(-2)*(1 - -23) is divided by 1450/110 + -8 + (-2)/11?
4
What is the remainder when (-151)/(-2) + 7/(-14) is divided by 29?
17
Suppose -2*x + 42 = 3*q + 1, -x = 5*q - 80. Calculate the remainder when q is divided by 3.
2
Suppose -4*y = -y - 99. Let p(u) = -u**3 + 24*u**2 + 17. What is the remainder when y is divided by p(24)?
16
Suppose 0 = -4*z - 5*k + 313, 9*z + 2*k + 278 = 13*z. What is the remainder when z is divided by (-15)/2*1*-2?
12
Suppose 0*p = -9*p + 207. Calculate the remainder when 66 is divided by p.
20
Let s = -7 - -27. Calculate the remainder when s is divided by 4.
0
Suppose r = 2*j - 38, 5*j + 4*r = -r + 125. What is the remainder when j is divided by 6?
3
Suppose 4*u + 3 - 71 = 0. Calculate the remainder when 32 is divided by u.
15
Suppose -4*c + 107 = -97. Calculate the remainder when c is divided by 26.
25
Let o = -4 + 3. Let c = -63 + 72. Calculate the remainder when 0 + o/(1/(-25)) is divided by c.
7
Suppose 2*c + 48 = c. Calculate the remainder when 24 is divided by 18/(-30) + c/(-5).
6
Suppose 13*h = 6*h + 161. What is the remainder when 43/1*5/5 is divided by h?
20
Suppose 0 = -z + 3*y + 2, 5*y + 15 = 4*z. Suppose -z*r + d = -7, -6 - 2 = 4*d. Let t = r - -12. What is the remainder when t is divided by 5?
3
Suppose -3*m - 27 = -4*m. Let x = m + 2. Calculate the remainder when 57 is divided by x.
28
Let w = 19 - 5. Suppose 3*m - w = m. Calculate the remainder when 19 is divided by m.
5
Let y be (-2)/3 - 124/(-6). Suppose -6*m + y = -m. Suppose -2*t - o = -9, 27 = -t + 2*t - m*o. Calculate the remainder when 19 is divided by t.
5
Suppose 4*s - 3*z = 22, 0 = 5*s - 0*s - 5*z - 25. Let r(g) = 4*g + 1. What is the remainder when s is divided by r(1)?
2
Let d(r) = -2*r**2 - 18*r - 17. What is the remainder when d(-7) is divided by 2/(-2) + 7*1?
5
Let j = -6 + 10. Suppose 0 = n + j - 14. Calculate the remainder when 3/(-5) + (-93)/(-5) is divided by n.
8
Let t be 156/8*(-4)/(-6). Suppose 4*l - 5*l = -t. Calculate the remainder when 63 is divided by l.
11
Let b(q) = q**3 + 13*q**2 + 9*q - 5. Let s be b(-12). Suppose -a + 0*k + 4*k + 24 = 0, 3*k = 4*a - s. What is the remainder when 13 is divided by a?
1
Let g(m) = 31*m + 25. Calculate the remainder when g(2) is divided by 11.
10
Suppose -3*u + 8 + 1 = 0. Let f(a) = -a**2 - 9*a + 13. Calculate the remainder when u is divided by f(-10).
0
Suppose -107 = -3*g + 85. Let u = 37 + -24. Calculate the remainder when g is divided by u.
12
Let s be (-4)/(-6) - 2/(-6). Let p(z) = -5*z**3 + 9*z**3 + 1 - z**2 + 6*z**3 - z. What is the remainder when 35 is divided by p(s)?
8
Suppose 9*f + 92 - 533 = 0. Calculate the remainder when f is divided by 17.
15
Suppose 5*z - 35 = -2*k, k - 40 = -2*k - 5*z. Suppose -11 - k = 4*y, -5*w - 4*y = -79. Calculate the remainder when w is divided by 7.
5
Suppose -4 = b + 2*h - 24, -5*h = b - 32. Suppose 0 = -w - u + 6, 4*w + u - 18 = 3*u. Calculate the remainder when b is divided by w.
2
Suppose -f = -0*f + 1. Let x(y) = 11*y**2 - y - 1. Suppose -n = 3*